f 41088156 and 2355.
471
Calculate the highest common factor of 12723 and 1944.
3
Calculate the highest common factor of 209 and 8077831.
19
Calculate the highest common factor of 1240 and 38825640.
1240
What is the highest common factor of 18552 and 7998231?
2319
What is the greatest common factor of 11753120 and 10370?
170
What is the highest common divisor of 158334402 and 135918?
5034
Calculate the greatest common divisor of 10 and 861937.
1
What is the highest common factor of 864 and 7509704?
8
Calculate the highest common divisor of 99515 and 5395.
65
Calculate the highest common divisor of 7344 and 10150785.
459
Calculate the highest common divisor of 36949 and 61916447.
3359
Calculate the highest common factor of 1739899 and 3493.
7
Calculate the greatest common divisor of 69447 and 399.
21
What is the highest common divisor of 814815 and 545?
5
Calculate the greatest common divisor of 5100625 and 200.
25
What is the greatest common divisor of 169463057 and 69?
23
What is the highest common factor of 118716225 and 690?
345
What is the greatest common factor of 1212544 and 1312?
32
What is the greatest common divisor of 1633 and 113482069?
1633
Calculate the highest common factor of 223803 and 44469.
729
Calculate the greatest common factor of 29040 and 142626.
66
Calculate the greatest common divisor of 1506 and 6416062.
502
Calculate the highest common divisor of 2607430 and 171770.
1930
Calculate the greatest common divisor of 91893679 and 53.
53
Calculate the highest common factor of 109005 and 27560.
65
Calculate the highest common factor of 3507888 and 159216.
5136
What is the highest common factor of 2688 and 842647680?
2688
What is the highest common divisor of 16886733 and 5055?
1011
Calculate the greatest common divisor of 130 and 58937255.
65
What is the greatest common factor of 382975819 and 955?
191
What is the highest common factor of 378 and 1052001?
27
What is the highest common divisor of 30 and 616870?
10
Calculate the greatest common divisor of 33571005 and 9880.
1235
What is the greatest common divisor of 26 and 3246078264?
26
What is the greatest common factor of 8107616 and 279?
31
What is the greatest common divisor of 51 and 679070797?
17
What is the highest common factor of 1654 and 1028074299?
827
Calculate the highest common factor of 2614572 and 84.
12
What is the highest common divisor of 22750 and 21140?
70
What is the highest common divisor of 632657 and 531?
59
What is the greatest common divisor of 37441751 and 47?
47
What is the greatest common divisor of 1048 and 26731336?
1048
Calculate the highest common divisor of 339 and 8433303.
339
Calculate the highest common divisor of 85624 and 30367469.
1529
What is the greatest common factor of 15163767 and 1368?
171
Calculate the greatest common factor of 3934 and 12698.
14
Calculate the highest common factor of 5742 and 2726.
58
What is the greatest common divisor of 1135772 and 37433?
913
Calculate the greatest common divisor of 210104 and 776.
8
What is the highest common factor of 4110 and 5976762?
822
What is the highest common divisor of 385032 and 1767360?
6312
What is the greatest common factor of 12218528 and 336?
112
What is the highest common divisor of 8664304 and 242?
22
What is the greatest common divisor of 5712 and 47019?
21
What is the greatest common divisor of 217 and 4720928?
31
What is the highest common divisor of 1414125 and 54?
27
Calculate the highest common divisor of 338718137 and 8984.
1123
Calculate the greatest common divisor of 324 and 1145556.
108
What is the greatest common factor of 41 and 149123806?
41
What is the highest common factor of 902 and 12552683?
451
Calculate the greatest common divisor of 3862280 and 88.
8
Calculate the highest common divisor of 16210637 and 18692.
4673
What is the highest common factor of 239099 and 35?
7
What is the greatest common factor of 13849 and 4012433?
1259
What is the highest common divisor of 4232403 and 9?
9
Calculate the highest common divisor of 95450 and 5349350.
4150
Calculate the highest common factor of 15484 and 11730600.
196
What is the highest common divisor of 140013 and 21576897?
2979
Calculate the greatest common divisor of 874521474 and 57.
57
What is the greatest common divisor of 64373365 and 1505?
1505
What is the greatest common divisor of 345 and 227808675?
345
Calculate the greatest common factor of 42955 and 27455.
5
What is the highest common factor of 120 and 368642070?
30
What is the highest common divisor of 648738 and 8602?
46
What is the highest common divisor of 13 and 155473331?
13
Calculate the highest common factor of 30676189 and 71.
71
Calculate the greatest common factor of 7377460 and 10.
10
What is the highest common divisor of 7020703 and 4311?
479
What is the greatest common divisor of 2303499 and 189?
3
What is the greatest common divisor of 7649855 and 25?
5
Calculate the greatest common factor of 218488 and 3348.
124
Calculate the highest common factor of 23254 and 1406482.
154
Calculate the greatest common divisor of 75 and 784304425.
25
Calculate the highest common factor of 33072 and 74191.
13
Calculate the greatest common factor of 6630 and 7610.
10
What is the greatest common factor of 22108858 and 482?
482
What is the highest common divisor of 40508919 and 1119?
1119
What is the greatest common divisor of 36751 and 21179884?
2827
Calculate the highest common divisor of 9317033 and 319.
319
What is the highest common factor of 22984 and 37871886?
5746
Calculate the greatest common factor of 1502 and 117674941.
751
What is the highest common factor of 6048 and 112543872?
672
Calculate the greatest common divisor of 2274671 and 497.
7
What is the greatest common factor of 789369 and 273?
21
What is the greatest common factor of 1665 and 165465?
45
Calculate the highest common factor of 13057 and 481866211.
1187
Calculate the highest common factor of 2031518821 and 97.
97
What is the highest common divisor of 13239 and 129696599?
1471
Calculate the greatest common divisor of 366072436 and 328.
164
Calculate the greatest common factor of 99 and 4456001.
11
What is the highest common factor of 59199060 and 1320?
60
What is the greatest common divisor of 25 and 225245200?
25
What is the highest common divisor of 28834596 and 344?
172
What is the highest common divisor of 77 and 469757981?
77
Calculate the greatest common factor of 3488254 and 9625.
77
Calculate the highest common divisor of 740534 and 932134.
958
What is the highest common factor of 51981631 and 1326?
221
What is the highest common divisor of 64700 and 4529?
647
What is the greatest common divisor of 1222017 and 2064?
129
What is the greatest common divisor of 457272484 and 4?
4
Calculate the greatest common divisor of 1876 and 659484.
28
What is the highest common divisor of 57714830 and 12872?
3218
Calculate the greatest common factor of 4030 and 3971720.
310
Calculate the greatest common divisor of 844841 and 16.
1
What is the greatest common divisor of 68 and 16800386?
34
What is the highest common divisor of 2006724 and 36636?
516
What is the greatest common factor of 40 and 129772460?
20
What is the greatest common divisor of 36 and 6189489?
9
What is the highest common factor of 1399920 and 173455?
1535
What is the highest common divisor of 138 and 9795999?
69
Calculate the greatest common factor of 6322 and 189878.
218
What is the greatest common factor of 307091599 and 41?
41
Calculate the highest common factor of 86584 and 70418.
274
What is the highest common divisor of 34 and 291313547?
17
What is the greatest common divisor of 708843 and 345696?
831
Calculate the greatest common divisor of 639246676 and 428.
428
Calculate the greatest common factor of 88944 and 86064.
48
What is the highest common divisor of 7225310 and 24910?
470
Calculate the greatest common divisor of 13498956 and 366404.
2636
What is the greatest common factor of 1155 and 7607215?
385
What is the greatest common factor of 111 and 21692915?
37
Calculate the greatest common factor of 5642172 and 954.
18
Calculate the greatest common factor of 1084982 and 426088.
482
Calculate the greatest common divisor of 690 and 4402430.
230
What is the highest common factor of 6 and 909338?
2
Calculate